{"id":202,"date":"2023-09-06T19:19:20","date_gmt":"2023-09-06T23:19:20","guid":{"rendered":"https:\/\/copardom.org\/?page_id=202"},"modified":"2023-11-13T21:37:22","modified_gmt":"2023-11-14T01:37:22","slug":"empresas-afiliadas","status":"publish","type":"page","link":"https:\/\/copardom.org\/index.php\/empresas-afiliadas\/","title":{"rendered":"Empresas Afiliadas"},"content":{"rendered":"<p>[et_pb_section fb_built=\"1&#8243; _builder_version=\"4.23&#8243; _module_preset=\"default\" background_image=\"https:\/\/copardom.org\/wp-content\/uploads\/2023\/10\/socios-4-1.png\" global_colors_info=\"{}\"][et_pb_row _builder_version=\"4.23&#8243; _module_preset=\"default\" global_colors_info=\"{}\"][et_pb_column type=\"4_4&#8243; _builder_version=\"4.23&#8243; _module_preset=\"default\" global_colors_info=\"{}\"][et_pb_text _builder_version=\"4.23&#8243; _module_preset=\"default\" text_font=\"|700|||||||\" text_text_color=\"#FFFFFF\" text_font_size=\"28px\" global_colors_info=\"{}\"]<\/p>\n<div id=\"dslc-module-ibtqfrieiag\" class=\"dslc-module-front dslc-module-DSLC_Text_Simple dslc-in-viewport-check dslc-in-viewport-anim-none dslc-col dslc-12-col dslc-last-col dslc-module-handle-like-regular text dslc-in-viewport\" data-module-id=\"ibtqfrieiag\" data-module=\"DSLC_Text_Simple\" data-dslc-module-size=\"12\" data-dslc-anim=\"none\" data-dslc-anim-delay=\"\" data-dslc-anim-duration=\"650\" data-dslc-anim-easing=\"ease\" data-dslc-preset=\"none\">\n<div class=\"dslc-text-module-content\">\n<p style=\"text-align: center;\">Iniciativa para socios<\/p>\n<\/div>\n<\/div>\n<div id=\"dslc-module-b180249d079\" class=\"dslc-module-front dslc-module-DSLC_Button dslc-in-viewport-check dslc-in-viewport-anim-none dslc-col dslc-4-col dslc-module-handle-like-regular dslc-in-viewport\" data-module-id=\"b180249d079\" data-module=\"DSLC_Button\" data-dslc-module-size=\"4\" data-dslc-anim=\"none\" data-dslc-anim-delay=\"\" data-dslc-anim-duration=\"650\" data-dslc-anim-easing=\"ease\" data-dslc-preset=\"none\"><\/div>\n<p>[\/et_pb_text][\/et_pb_column][\/et_pb_row][\/et_pb_section][et_pb_section fb_built=\"1&#8243; _builder_version=\"4.23&#8243; _module_preset=\"default\" global_colors_info=\"{}\"][et_pb_row _builder_version=\"4.23&#8243; _module_preset=\"default\" global_colors_info=\"{}\"][et_pb_column type=\"4_4&#8243; _builder_version=\"4.23&#8243; _module_preset=\"default\" global_colors_info=\"{}\"][et_pb_text _builder_version=\"4.23&#8243; _module_preset=\"default\" text_font=\"|600|||||||\" text_text_color=\"#0C71C3&#8243; text_font_size=\"24px\" header_text_color=\"#000000&#8243; text_orientation=\"center\" global_colors_info=\"{}\"]<\/p>\n<div id=\"dslc-module-ibtqfrieiag\" class=\"dslc-module-front dslc-module-DSLC_Text_Simple dslc-in-viewport-check dslc-in-viewport-anim-none dslc-col dslc-12-col dslc-last-col dslc-module-handle-like-regular text dslc-in-viewport\" data-module-id=\"ibtqfrieiag\" data-module=\"DSLC_Text_Simple\" data-dslc-module-size=\"12\" data-dslc-anim=\"none\" data-dslc-anim-delay=\"\" data-dslc-anim-duration=\"650\" data-dslc-anim-easing=\"ease\" data-dslc-preset=\"none\">\n<div class=\"dslc-text-module-content\">\n<p>Ofrecemos a nuestros socios, beneficios exclusivos y oportunidades. ingresa en los enlaces para conocer m\u00e1s:<\/p>\n<\/div>\n<\/div>\n<div id=\"dslc-module-b180249d079\" class=\"dslc-module-front dslc-module-DSLC_Button dslc-in-viewport-check dslc-in-viewport-anim-none dslc-col dslc-4-col dslc-module-handle-like-regular dslc-in-viewport\" data-module-id=\"b180249d079\" data-module=\"DSLC_Button\" data-dslc-module-size=\"4\" data-dslc-anim=\"none\" data-dslc-anim-delay=\"\" data-dslc-anim-duration=\"650\" data-dslc-anim-easing=\"ease\" data-dslc-preset=\"none\"><\/div>\n<p>[\/et_pb_text][\/et_pb_column][\/et_pb_row][et_pb_row column_structure=\"1_3,1_3,1_3&#8243; use_custom_gutter=\"on\" make_equal=\"on\" _builder_version=\"4.23&#8243; _module_preset=\"default\" global_colors_info=\"{}\"][et_pb_column type=\"1_3&#8243; _builder_version=\"4.23&#8243; _module_preset=\"default\" global_colors_info=\"{}\"][dsm_card title=\"Alianzas estrat\u00e9gicas\" image=\"https:\/\/copardom.org\/wp-content\/uploads\/2023\/11\/IMG_3996-scaled.jpg\" image_as_background=\"off\" badge_url=\"https:\/\/copardom.org\/index.php\/alianzas-estrategicas\/\" button_text=\"Ver m\u00e1s\" button_url=\"https:\/\/copardom.org\/index.php\/alianzas-estrategicas\/\" button_url_new_window=\"1&#8243; _builder_version=\"4.23&#8243; _module_preset=\"default\" header_font=\"|600|||||||\" header_text_align=\"center\" header_text_color=\"#000000&#8243; global_colors_info=\"{}\"][\/dsm_card][\/et_pb_column][et_pb_column type=\"1_3&#8243; _builder_version=\"4.23&#8243; _module_preset=\"default\" global_colors_info=\"{}\"][dsm_card title=\"Representaciones nacionales\" image=\"https:\/\/copardom.org\/wp-content\/uploads\/2023\/11\/Corte_de_Cinta.jpeg\" badge_url=\"https:\/\/copardom.org\/index.php\/representaciones_nacionales\/\" button_text=\"Ver m\u00e1s\" button_url=\"https:\/\/copardom.org\/index.php\/representaciones_nacionales\/\" button_url_new_window=\"1&#8243; _builder_version=\"4.23&#8243; _module_preset=\"default\" header_font=\"|600|||||||\" header_text_align=\"center\" header_text_color=\"#000000&#8243; locked=\"off\" global_colors_info=\"{}\"][\/dsm_card][\/et_pb_column][et_pb_column type=\"1_3&#8243; _builder_version=\"4.23&#8243; _module_preset=\"default\" global_colors_info=\"{}\"][dsm_card title=\"Representaciones internacionales\" image=\"https:\/\/copardom.org\/wp-content\/uploads\/2023\/11\/Imagen-de-WhatsApp-2023-10-27-a-las-10.19.46_8f0d0cd6.jpg\" badge_url=\"https:\/\/copardom.org\/index.php\/representaciones-internacionales\/\" button_text=\"Ver m\u00e1s\" button_url=\"https:\/\/copardom.org\/index.php\/representaciones-internacionales\/\" button_url_new_window=\"1&#8243; _builder_version=\"4.23&#8243; _module_preset=\"default\" header_font=\"|600|||||||\" header_text_align=\"center\" header_text_color=\"#000000&#8243; locked=\"off\" global_colors_info=\"{}\"][\/dsm_card][\/et_pb_column][\/et_pb_row][\/et_pb_section][et_pb_section fb_built=\"1&#8243; _builder_version=\"4.23&#8243; _module_preset=\"default\" background_image=\"https:\/\/copardom.org\/wp-content\/uploads\/2023\/11\/vista-trasera-hombre-negocios-hablar-telefono-ciudad-1-scaled.jpg\" custom_padding=\"0px||0px||false|false\" top_divider_style=\"mountains\" top_divider_color=\"#0C71C3&#8243; top_divider_height=\"29px\" global_colors_info=\"{}\"][et_pb_row _builder_version=\"4.23&#8243; _module_preset=\"default\" custom_padding=\"||66px|||\" global_colors_info=\"{}\"][et_pb_column type=\"4_4&#8243; _builder_version=\"4.23&#8243; _module_preset=\"default\" global_colors_info=\"{}\"][et_pb_text _builder_version=\"4.23&#8243; _module_preset=\"default\" text_font=\"|700|||||||\" text_text_color=\"#FFFFFF\" text_font_size=\"28px\" custom_margin=\"0px||0px||false|false\" custom_padding=\"40px||20px||false|false\" global_colors_info=\"{}\"]<\/p>\n<p style=\"text-align: center;\">EMPRESAS COLABORADORAS<\/p>\n<p>[\/et_pb_text][\/et_pb_column][\/et_pb_row][\/et_pb_section][et_pb_section fb_built=\"1&#8243; _builder_version=\"4.23&#8243; _module_preset=\"default\" custom_padding=\"0px||||false|false\" box_shadow_style=\"preset2&#8243; global_colors_info=\"{}\"][et_pb_row column_structure=\"1_4,1_4,1_4,1_4&#8243; _builder_version=\"4.23&#8243; _module_preset=\"default\" global_colors_info=\"{}\"][et_pb_column type=\"1_4&#8243; _builder_version=\"4.23&#8243; _module_preset=\"default\" global_colors_info=\"{}\"][dipl_tilt_image image=\"https:\/\/copardom.org\/wp-content\/uploads\/2023\/11\/inicia-3.png\" _builder_version=\"4.23&#8243; _module_preset=\"default\" global_colors_info=\"{}\"][\/dipl_tilt_image][\/et_pb_column][et_pb_column type=\"1_4&#8243; _builder_version=\"4.23&#8243; _module_preset=\"default\" global_colors_info=\"{}\"][dipl_tilt_image image=\"https:\/\/copardom.org\/wp-content\/uploads\/2023\/11\/maprhe-2-modificado.png\" _builder_version=\"4.23&#8243; _module_preset=\"default\" locked=\"off\" global_colors_info=\"{}\"][\/dipl_tilt_image][\/et_pb_column][et_pb_column type=\"1_4&#8243; _builder_version=\"4.23&#8243; _module_preset=\"default\" global_colors_info=\"{}\"][dipl_tilt_image image=\"https:\/\/copardom.org\/wp-content\/uploads\/2023\/11\/Energia-sostentable.png\" _builder_version=\"4.23&#8243; _module_preset=\"default\" locked=\"off\" global_colors_info=\"{}\"][\/dipl_tilt_image][\/et_pb_column][et_pb_column type=\"1_4&#8243; _builder_version=\"4.23&#8243; _module_preset=\"default\" global_colors_info=\"{}\"][dipl_tilt_image image=\"https:\/\/copardom.org\/wp-content\/uploads\/2023\/11\/23.jpg\" _builder_version=\"4.23&#8243; _module_preset=\"default\" locked=\"off\" global_colors_info=\"{}\"][\/dipl_tilt_image][\/et_pb_column][\/et_pb_row][et_pb_row column_structure=\"1_4,1_4,1_4,1_4&#8243; _builder_version=\"4.23&#8243; _module_preset=\"default\" global_colors_info=\"{}\"][et_pb_column type=\"1_4&#8243; _builder_version=\"4.23&#8243; _module_preset=\"default\" global_colors_info=\"{}\"][dipl_tilt_image image=\"https:\/\/copardom.org\/wp-content\/uploads\/2023\/11\/grupo-ramos.png\" _builder_version=\"4.23&#8243; _module_preset=\"default\" global_colors_info=\"{}\"][\/dipl_tilt_image][\/et_pb_column][et_pb_column type=\"1_4&#8243; _builder_version=\"4.23&#8243; _module_preset=\"default\" global_colors_info=\"{}\"][dipl_tilt_image image=\"https:\/\/copardom.org\/wp-content\/uploads\/2023\/11\/grupo-universal.png\" _builder_version=\"4.23&#8243; _module_preset=\"default\" locked=\"off\" global_colors_info=\"{}\"][\/dipl_tilt_image][\/et_pb_column][et_pb_column type=\"1_4&#8243; _builder_version=\"4.23&#8243; _module_preset=\"default\" global_colors_info=\"{}\"][dipl_tilt_image image=\"https:\/\/copardom.org\/wp-content\/uploads\/2023\/11\/ars-primera.jpg\" _builder_version=\"4.23&#8243; _module_preset=\"default\" locked=\"off\" global_colors_info=\"{}\"][\/dipl_tilt_image][\/et_pb_column][et_pb_column type=\"1_4&#8243; _builder_version=\"4.23&#8243; _module_preset=\"default\" global_colors_info=\"{}\"][dipl_tilt_image image=\"https:\/\/copardom.org\/wp-content\/uploads\/2023\/11\/Claro_logo_PNG2.png\" _builder_version=\"4.23&#8243; _module_preset=\"default\" hover_enabled=\"0&#8243; locked=\"off\" global_colors_info=\"{}\" title_text=\"Claro_logo_PNG2&#8243; sticky_enabled=\"0&#8243;][\/dipl_tilt_image][\/et_pb_column][\/et_pb_row][\/et_pb_section][et_pb_section fb_built=\"1&#8243; _builder_version=\"4.23&#8243; _module_preset=\"default\" background_image=\"https:\/\/copardom.org\/wp-content\/uploads\/2023\/11\/12133-scaled.jpg\" global_colors_info=\"{}\"][et_pb_row _builder_version=\"4.23&#8243; _module_preset=\"default\" global_colors_info=\"{}\"][et_pb_column type=\"4_4&#8243; _builder_version=\"4.23&#8243; _module_preset=\"default\" global_colors_info=\"{}\"][dsm_advanced_tabs dsm_tabs_gap=\"60px\" dsm_tabs_bg_color=\"#e0e0e0&#8243; dsm_tabs_active_bg_color=\"#E02B20&#8243; dsm_tabs_text_color=\"#000000&#8243; dsm_tabs_active_text_color=\"#FFFFFF\" dsm_tabs_wrapper_bg_color=\"#FFFFFF\" _builder_version=\"4.23&#8243; _module_preset=\"default\" tab_title_font=\"|600|||||||\" tab_title_font_size=\"16px\" custom_padding=\"0px||0px||false|false\" border_width_all=\"0px\" border_color_all=\"#FFFFFF\" border_width_all_dsm_active_tabs_border=\"6px\" border_color_all_dsm_active_tabs_border=\"#E02B20&#8243; border_color_all_dsm_tabs_wrapper_border=\"#FFFFFF\" box_shadow_style=\"preset1&#8243; box_shadow_color=\"#FFFFFF\" global_colors_info=\"{}\"][dsm_advanced_tabs_child dsm_title=\"PLATINUM\" dsm_content=\"<\/p>\n<h4 style=%22text-align: center;%22><strong>DERECHOS Y BENEFICIOS<\/strong><strong><\/strong><\/h4>\n<p><strong><\/strong><\/p>\n<ol>\n<li style=%22text-align: left;%22>Menci\u00f3n de la empresa en las actividades (almuerzos,seminarios, talleres).<\/li>\n<li style=%22text-align: left;%22>Derecho a colocar bandera Institucional (seg\u00fan disponibilidad de espacio en el \u00e1rea de la actividad.<\/li>\n<li style=%22text-align: left;%22>Derecho a colocar bandera Institucional o back panel en almuerzo mensual ordinario membrec\u00eda (seg\u00fan disponibilidad de espacio).<\/li>\n<li style=%22text-align: left;%22>Derecho a entregar material promocional en actividades.<\/li>\n<li style=%22text-align: left;%22>Derecho a colocar stand de la marca o empresa (seg\u00fan disponibilidad de espacio) en los desayunos y\/o almuerzos. Costo de instalaci\u00f3n a cuenta de empresa.<\/li>\n<li style=%22text-align: left;%22>Derecho a colocar campa\u00f1a publicitaria de estaci\u00f3n en pantalla (seg\u00fan disponibilidad de pantalla) en eventos seleccionados.<\/li>\n<li style=%22text-align: left;%22>Derecho a colocar logo de la empresa en la invitaci\u00f3n digital o anuncio publicitario, si aplica.<\/li>\n<li style=%22text-align: left;%22>Derecho a colocar logo de la empresa en bolet\u00edn mensual a membrec\u00eda y relacionados.<\/li>\n<li style=%22text-align: left;%22>4 boletas para CADA almuerzos y desayunos.<\/li>\n<li style=%22text-align: left;%22>15% Descuento para tres (3) participantes en los talleres y actividades. Se except\u00faa Congreso.<\/li>\n<li style=%22text-align: left;%22>Inscripci\u00f3n gratuita para 5 colaboradores en Congreso.<\/li>\n<li style=%22text-align: left;%22>Colocaci\u00f3n logo p\u00e1gina web fijo en portada.<\/li>\n<\/ol>\n<p>\" _builder_version=\"4.23&#8243; _module_preset=\"default\" global_colors_info=\"{}\" parentOrderClass=\"dsm_advanced_tabs_0&#8243;][\/dsm_advanced_tabs_child][dsm_advanced_tabs_child dsm_title=\"GOLD\" dsm_content=\"<\/p>\n<h4 style=%22text-align: center;%22><strong>DERECHOS Y BENEFICIOS<\/strong><strong><\/strong><\/h4>\n<ol>\n<li style=%22text-align: left;%22>Menci\u00f3n de la empresa en las actividades (almuerzos,seminarios, talleres).<\/li>\n<li style=%22text-align: left;%22>Derecho a colocar bandera Institucional (seg\u00fan disponibilidad de espacio en el \u00e1rea de la actividad.<\/li>\n<li style=%22text-align: left;%22>Derecho a entregar material promocional en actividades 4 incluye Congreso.<\/li>\n<li style=%22text-align: left;%22>Derecho a colocar stand de la marca o empresa (seg\u00fan disponibilidad de espacio) en los desayunos y\/o almuerzos. Costo de instalaci\u00f3n a cuenta de empresa.<\/li>\n<li style=%22text-align: left;%22>Derecho a colocar campa\u00f1a publicitaria de estaci\u00f3n en pantalla (seg\u00fan disponibilidad de pantalla) en eventos seleccionados.<\/li>\n<li style=%22text-align: left;%22>Derecho a colocar logo de la empresa en la invitaci\u00f3n digital o anuncio publicitario, si aplica.<\/li>\n<li style=%22text-align: left;%22>Derecho a colocar logo de la empresa en bolet\u00edn mensual a membrec\u00eda y relacionados.<\/li>\n<li style=%22text-align: left;%22>2 boletas para CADA almuerzos y desayunos.<\/li>\n<li style=%22text-align: left;%22>10% Descuento para tres (3) participantes en los talleres y actividades. Se except\u00faa Congreso.<\/li>\n<li style=%22text-align: left;%22>Inscripci\u00f3n gratuita para 2 colaboradores en Congreso.<\/li>\n<li style=%22text-align: left;%22>Colocaci\u00f3n logo p\u00e1gina web fijo en una secci\u00f3n.<\/li>\n<\/ol>\n<p>\" _builder_version=\"4.23&#8243; _module_preset=\"default\" global_colors_info=\"{}\" parentOrderClass=\"dsm_advanced_tabs_0&#8243;][\/dsm_advanced_tabs_child][dsm_advanced_tabs_child dsm_title=\"SILVER\" dsm_content=\"<\/p>\n<h4 style=%22text-align: center;%22><strong>DERECHOS Y BENEFICIOS<\/strong><strong><\/strong><\/h4>\n<ol>\n<li style=%22text-align: left;%22>Menci\u00f3n de la empresa en las actividades (almuerzos,seminarios, talleres).<\/li>\n<li style=%22text-align: left;%22>Derecho a colocar bandera Institucional (seg\u00fan disponibilidad de espacio en el \u00e1rea de la actividad.<\/li>\n<li style=%22text-align: left;%22>Derecho a colocar stand de la marca o empresa (seg\u00fan disponibilidad de espacio) en los desayunos y\/o almuerzos. Costo de instalaci\u00f3n a cuenta de empresa.<\/li>\n<li style=%22text-align: left;%22>1 boleta para CADA almuerzos y desayunos.<\/li>\n<\/ol>\n<p>\" _builder_version=\"4.23&#8243; _module_preset=\"default\" global_colors_info=\"{}\" parentOrderClass=\"dsm_advanced_tabs_0&#8243;][\/dsm_advanced_tabs_child][\/dsm_advanced_tabs][\/et_pb_column][\/et_pb_row][\/et_pb_section]<\/p>\n","protected":false},"excerpt":{"rendered":"<p>Iniciativa para socios Ofrecemos a nuestros socios, beneficios exclusivos y oportunidades. ingresa en los enlaces para conocer m\u00e1s: <div class=\"et_pb_module dsm_card dsm_card_0 et_pb_bg_layout_light  dsm_card_layout_stacked\">\n\t\t\t\t\n\t\t\t\t\n\t\t\t\t\n\t\t\t\t\n\t\t\t\t\n\t\t\t\t\n\t\t\t\t<div class=\"et_pb_module_inner\">\n\t\t\t\t\t\n\t\t\t\n\t\t\t<figure class=\"dsm_card_image_wrapper dsm_card_badge_top_right\"><img decoding=\"async\" src=\"https:\/\/copardom.org\/wp-content\/uploads\/2023\/11\/IMG_3996-scaled.jpg\" alt=\"\" srcset=\"https:\/\/copardom.org\/wp-content\/uploads\/2023\/11\/IMG_3996-scaled.jpg 2560w, https:\/\/copardom.org\/wp-content\/uploads\/2023\/11\/IMG_3996-1280x854.jpg 1280w, https:\/\/copardom.org\/wp-content\/uploads\/2023\/11\/IMG_3996-980x653.jpg 980w, https:\/\/copardom.org\/wp-content\/uploads\/2023\/11\/IMG_3996-480x320.jpg 480w\" sizes=\"(min-width: 0px) and (max-width: 480px) 480px, (min-width: 481px) and (max-width: 980px) 980px, (min-width: 981px) and (max-width: 1280px) 1280px, (min-width: 1281px) 2560px, 100vw\" class=\"dsm_card_img\" \/><\/figure>\n\t\t\t<div class=\"et_pb_module dsm_card_wrapper et_pb_text_align_left\">\n\t\t\t\t\t\n\t\t\t\t\t<h4 class=\"dsm_card_title et_pb_module_header\">Alianzas estrat\u00e9gicas<\/h4>\n\t\t\t\t\t\n\t\t\t\t\t\n\t\t\t\t\t<div class=\"et_pb_button_wrapper\"><a class=\"et_pb_button et_pb_more_button \" href=\"https:\/\/copardom.org\/index.php\/alianzas-estrategicas\/\">Ver m\u00e1s<\/a><\/div>\n\t\t\t\t<\/div>\n\t\t\t\n\t\t\t\t<\/div>\n\t\t\t<\/div><\/p>\n","protected":false},"author":1,"featured_media":0,"parent":0,"menu_order":0,"comment_status":"closed","ping_status":"closed","template":"","meta":{"_et_pb_use_builder":"on","_et_pb_old_content":"","_et_gb_content_width":"","loftloader_page_shortcode":"","footnotes":""},"class_list":["post-202","page","type-page","status-publish","hentry"],"_links":{"self":[{"href":"https:\/\/copardom.org\/index.php\/wp-json\/wp\/v2\/pages\/202","targetHints":{"allow":["GET"]}}],"collection":[{"href":"https:\/\/copardom.org\/index.php\/wp-json\/wp\/v2\/pages"}],"about":[{"href":"https:\/\/copardom.org\/index.php\/wp-json\/wp\/v2\/types\/page"}],"author":[{"embeddable":true,"href":"https:\/\/copardom.org\/index.php\/wp-json\/wp\/v2\/users\/1"}],"replies":[{"embeddable":true,"href":"https:\/\/copardom.org\/index.php\/wp-json\/wp\/v2\/comments?post=202"}],"version-history":[{"count":26,"href":"https:\/\/copardom.org\/index.php\/wp-json\/wp\/v2\/pages\/202\/revisions"}],"predecessor-version":[{"id":893,"href":"https:\/\/copardom.org\/index.php\/wp-json\/wp\/v2\/pages\/202\/revisions\/893"}],"wp:attachment":[{"href":"https:\/\/copardom.org\/index.php\/wp-json\/wp\/v2\/media?parent=202"}],"curies":[{"name":"wp","href":"https:\/\/api.w.org\/{rel}","templated":true}]}}