{"id":511,"date":"2023-10-25T02:44:53","date_gmt":"2023-10-25T06:44:53","guid":{"rendered":"https:\/\/copardom.org\/?page_id=511"},"modified":"2023-11-02T03:22:53","modified_gmt":"2023-11-02T07:22:53","slug":"afiliacion","status":"publish","type":"page","link":"https:\/\/copardom.org\/index.php\/afiliacion\/","title":{"rendered":"Afiliaci\u00f3n"},"content":{"rendered":"<p>[et_pb_section fb_built=\"1&#8243; fullwidth=\"on\" _builder_version=\"4.23&#8243; _module_preset=\"default\" hover_enabled=\"0&#8243; global_colors_info=\"{}\" sticky_enabled=\"0&#8243;][et_pb_fullwidth_slider _builder_version=\"4.23&#8243; _module_preset=\"default\" header_font=\"|700|||||||\" header_text_align=\"center\" header_text_color=\"#FFFFFF\" header_font_size=\"44px\" hover_enabled=\"0&#8243; background_last_edited=\"on|phone\" background_enable_color_phone=\"off\" header_text_shadow_style=\"preset2&#8243; text_shadow_style=\"preset1&#8243; global_colors_info=\"{}\" sticky_enabled=\"0&#8243;][et_pb_slide heading=\"Af\u00edliate, forma parte de la gremial m\u00e1s importante del pa\u00eds con presencia a escala nacional y goza de todos los beneficios que tenemos para el desarrollo de tu empresa.\" _builder_version=\"4.23&#8243; _module_preset=\"default\" header_font=\"|600|||||||\" header_font_size=\"28px\" body_font=\"|600|||||||\" body_text_color=\"#FFFFFF\" body_font_size=\"22px\" background_image=\"https:\/\/copardom.org\/wp-content\/uploads\/2023\/10\/mujer-dando-la-mano-scaled.jpg\" background_enable_image=\"on\" text_orientation=\"left\" background_layout=\"light\" custom_padding=\"200px|||400px|false|false\" custom_padding_tablet=\"200px|||400px|false|false\" custom_padding_phone=\"0px|||0px|false|false\" custom_padding_last_edited=\"on|desktop\" hover_enabled=\"0&#8243; background_last_edited=\"on|phone\" body_text_shadow_style=\"preset1&#8243; text_shadow_style=\"preset2&#8243; global_colors_info=\"{}\" sticky_transition=\"on\" sticky_enabled=\"0&#8243; title_text=\"tres-colegas-exultantes-recibiendo-buenas-noticias-levantando-manos (1)\" background_size_phone=\"contain\" background_size_tablet=\"contain\"][\/et_pb_slide][\/et_pb_fullwidth_slider][\/et_pb_section][et_pb_section fb_built=\"1&#8243; _builder_version=\"4.23&#8243; _module_preset=\"default\" background_enable_color=\"off\" background_enable_image=\"off\" box_shadow_style=\"preset6&#8243; global_colors_info=\"{}\"][et_pb_row column_structure=\"3_5,2_5&#8243; _builder_version=\"4.23&#8243; _module_preset=\"default\" global_colors_info=\"{}\"][et_pb_column type=\"3_5&#8243; _builder_version=\"4.23&#8243; _module_preset=\"default\" global_colors_info=\"{}\"][dipl_floating_image floating_container_height=\"329px\" _builder_version=\"4.23&#8243; _module_preset=\"default\" background_image=\"https:\/\/copardom.org\/wp-content\/uploads\/2023\/10\/apreton-manos-amistoso-socios-reunion-grupo-agradeciendo-trabajo-equipo-exitoso-compressed-scaled.jpg\" background_position=\"top_left\" global_colors_info=\"{}\"][\/dipl_floating_image][\/et_pb_column][et_pb_column type=\"2_5&#8243; _builder_version=\"4.23&#8243; _module_preset=\"default\" global_colors_info=\"{}\"][et_pb_text _builder_version=\"4.23&#8243; _module_preset=\"default\" global_colors_info=\"{}\"]<\/p>\n<h3>Suscripciones<\/h3>\n<p>[\/et_pb_text][dipl_separator _builder_version=\"4.23&#8243; _module_preset=\"default\" global_colors_info=\"{}\"][\/dipl_separator][et_pb_text _builder_version=\"4.23&#8243; _module_preset=\"default\" text_font_size=\"16px\" global_colors_info=\"{}\"]<\/p>\n<p style=\"text-align: justify;\">A trav\u00e9s del servicio de suscripciones, tendr\u00e1s acceso a contenido digital exclusivo para empresarios y emprendedores, adem\u00e1s de algunos de los beneficios propios de socios de la gremial.<\/p>\n<p>[\/et_pb_text][\/et_pb_column][\/et_pb_row][et_pb_row _builder_version=\"4.23&#8243; _module_preset=\"default\" global_colors_info=\"{}\"][et_pb_column type=\"4_4&#8243; _builder_version=\"4.23&#8243; _module_preset=\"default\" global_colors_info=\"{}\"][dipl_separator line_type=\"inset\" use_with=\"icon\" font_icon=\"&#xe0e9;||divi||400&#8243; _builder_version=\"4.23&#8243; _module_preset=\"default\" custom_padding=\"0px||0px||false|false\" global_colors_info=\"{}\"][\/dipl_separator][\/et_pb_column][\/et_pb_row][et_pb_row column_structure=\"1_2,1_2&#8243; make_equal=\"on\" _builder_version=\"4.23&#8243; _module_preset=\"default\" global_colors_info=\"{}\"][et_pb_column type=\"1_2&#8243; _builder_version=\"4.23&#8243; _module_preset=\"default\" global_colors_info=\"{}\"][dsm_card title=\"Beneficios\" image=\"https:\/\/copardom.org\/wp-content\/uploads\/2023\/10\/vista-recortada-documento-lectura-mujeres-empresarias-min-scaled.jpg\" badge_text=\"Beneficios\" button_url_new_window=\"1&#8243; _builder_version=\"4.23&#8243; _module_preset=\"default\" header_font=\"|700|||||||\" animation_direction=\"left\" motion_trigger_start=\"bottom\" box_shadow_style=\"preset2&#8243; global_colors_info=\"{}\"]<\/p>\n<p style=\"text-align: justify;\">Trabajar conjuntamente en las comisiones de trabajo para Socializar borradores de leyes, reglamentos y resoluciones dentro del marco socio jur\u00eddico.<\/p>\n<p>[\/dsm_card][\/et_pb_column][et_pb_column type=\"1_2&#8243; _builder_version=\"4.23&#8243; _module_preset=\"default\" global_colors_info=\"{}\"][dsm_card title=\"Requisitos\" image=\"https:\/\/copardom.org\/wp-content\/uploads\/2023\/10\/hermosa-mujer-sonriente-feliz-mostrando-espacio-copia-min-scaled.jpg\" badge_text=\"Requisitos\" button_url_new_window=\"1&#8243; _builder_version=\"4.23&#8243; _module_preset=\"default\" header_font=\"|700|||||||\" animation_direction=\"right\" motion_trigger_start=\"bottom\" box_shadow_style=\"preset2&#8243; global_colors_info=\"{}\"]<\/p>\n<p><strong>Requisitos<\/strong><br \/>1.- Completar el formulario de Inscripci\u00f3n y enviarlo al correo descrito en el formulario. Como parte del proceso de revisi\u00f3n de solicitud, rogamos que nos remitan los siguientes documentos:<\/p>\n<p>1. Estatutos Legales<br \/>2. Registro Mercantil vigente<br \/>3. Certificaci\u00f3n de la DGII, contentivo RNC y pago de sus contribuciones vigentes<br \/>4. Certificaci\u00f3n de la TSS vigente<br \/>5. 2 Referencias comerciales<\/p>\n<p>2.- Revisados y confirmados los registros de afiliaci\u00f3n se detallar\u00e1 por corre electr\u00f3nico los pagos correspondientes a inscripci\u00f3n y afiliaci\u00f3n.<\/p>\n<p>[\/dsm_card][\/et_pb_column][\/et_pb_row][et_pb_row column_structure=\"1_2,1_2&#8243; make_equal=\"on\" _builder_version=\"4.23&#8243; _module_preset=\"default\" global_colors_info=\"{}\"][et_pb_column type=\"1_2&#8243; _builder_version=\"4.23&#8243; _module_preset=\"default\" global_colors_info=\"{}\"][dsm_card title=\"Formulario de inscripci\u00f3n\" image=\"https:\/\/copardom.org\/wp-content\/uploads\/2023\/10\/conceptos-examen-no-marcan-ninguna-aplicacion-min-scaled.jpg\" badge_text=\"Formulario de inscripci\u00f3n\" button_text=\"Descargar\" button_url=\"https:\/\/copardom.org\/wp-content\/uploads\/2023\/10\/FORMULARIO-DE-AFILIACION.pdf\" button_url_new_window=\"1&#8243; _builder_version=\"4.23&#8243; _module_preset=\"default\" header_font=\"|700|||||||\" animation_style=\"slide\" animation_direction=\"left\" box_shadow_style=\"preset2&#8243; global_colors_info=\"{}\"][\/dsm_card][\/et_pb_column][et_pb_column type=\"1_2&#8243; _builder_version=\"4.23&#8243; _module_preset=\"default\" global_colors_info=\"{}\"][dsm_card title=\"Medios de pago\" image=\"https:\/\/copardom.org\/wp-content\/uploads\/2023\/10\/joven-mujer-asiatica-tarjeta-credito-laptop-compras-linea-min-scaled.jpg\" badge_text=\"Requisitos\" button_url_new_window=\"1&#8243; _builder_version=\"4.23&#8243; _module_preset=\"default\" header_font=\"|700|||||||\" animation_style=\"slide\" animation_direction=\"right\" box_shadow_style=\"preset2&#8243; global_colors_info=\"{}\"]<\/p>\n<p>1.- Transferencia Bancaria<br \/>2.-\u00a0Cheque<\/p>\n<p>[\/dsm_card][\/et_pb_column][\/et_pb_row][\/et_pb_section][et_pb_section fb_built=\"1&#8243; _builder_version=\"4.23&#8243; _module_preset=\"default\" global_colors_info=\"{}\"][et_pb_row _builder_version=\"4.23&#8243; _module_preset=\"default\" global_colors_info=\"{}\"][et_pb_column type=\"4_4&#8243; _builder_version=\"4.23&#8243; _module_preset=\"default\" global_colors_info=\"{}\"][et_pb_text _builder_version=\"4.23&#8243; _module_preset=\"default\" custom_padding=\"0px||0px||false|false\" global_colors_info=\"{}\"]<\/p>\n<section class=\"elementor-section elementor-top-section elementor-element elementor-element-0158e4b elementor-section-boxed elementor-section-height-default elementor-section-height-default\" data-id=\"0158e4b\" data-element_type=\"section\">\n<div class=\"elementor-container elementor-column-gap-default\">\n<div class=\"elementor-column elementor-col-100 elementor-top-column elementor-element elementor-element-70dc292\" data-id=\"70dc292\" data-element_type=\"column\">\n<div class=\"elementor-widget-wrap elementor-element-populated\">\n<div class=\"elementor-element elementor-element-0c6ef9e elementor-widget elementor-widget-heading\" data-id=\"0c6ef9e\" data-element_type=\"widget\" data-widget_type=\"heading.default\">\n<div class=\"elementor-widget-container\">\n<h3 class=\"elementor-heading-title elementor-size-default\" style=\"text-align: center;\"><b>D\u00c9JANOS TUS DATOS<\/b><\/h3>\n<\/div>\n<\/div>\n<\/div>\n<\/div>\n<\/div>\n<\/section>\n<section class=\"elementor-section elementor-top-section elementor-element elementor-element-1f6ab10 elementor-section-boxed elementor-section-height-default elementor-section-height-default\" data-id=\"1f6ab10\" data-element_type=\"section\">\n<div class=\"elementor-container elementor-column-gap-default\">\n<div class=\"elementor-column elementor-col-100 elementor-top-column elementor-element elementor-element-64b18e0\" data-id=\"64b18e0\" data-element_type=\"column\">\n<div class=\"elementor-widget-wrap elementor-element-populated\">\n<div class=\"elementor-element elementor-element-54302e5 elementor-button-align-center elementor-widget elementor-widget-form\" data-id=\"54302e5\" data-element_type=\"widget\" data-settings=\"{&quot;step_next_label&quot;:&quot;Next&quot;,&quot;step_previous_label&quot;:&quot;Previous&quot;,&quot;button_width&quot;:&quot;100&quot;,&quot;step_type&quot;:&quot;number_text&quot;,&quot;step_icon_shape&quot;:&quot;circle&quot;}\" data-widget_type=\"form.default\">\n<div class=\"elementor-widget-container\">\n<form class=\"elementor-form\" method=\"post\" name=\"Afiliaci\u00f3n\">\n<div class=\"elementor-form-fields-wrapper elementor-labels-above\">\n<div class=\"elementor-field-type-text elementor-field-group elementor-column elementor-field-group-name elementor-col-50 elementor-field-required\"><\/div>\n<\/div>\n<\/form>\n<\/div>\n<\/div>\n<\/div>\n<\/div>\n<\/div>\n<\/section>\n<p>[\/et_pb_text][et_pb_contact_form submit_button_text=\"Enviar\" _builder_version=\"4.23&#8243; _module_preset=\"default\" _unique_id=\"fd2804af-1952-4cb2-beaf-ad4fd9611bb2&#8243; form_field_background_color=\"#FFFFFF\" form_field_text_color=\"#000000&#8243; form_field_focus_background_color=\"#f2f2f2&#8243; custom_button=\"on\" button_bg_color=\"#0C71C3&#8243; button_icon=\"&#xe0e8;||divi||400&#8243; button_icon_placement=\"left\" button_on_hover=\"off\" custom_padding=\"0px||0px||false|false\" border_width_all=\"1px\" border_color_all=\"#0C71C3&#8243; box_shadow_style=\"preset1&#8243; box_shadow_color=\"#FFFFFF\" global_colors_info=\"{}\"][et_pb_contact_field field_id=\"Name\" field_title=\"Nombre\" _builder_version=\"4.23&#8243; global_colors_info=\"{}\" button_text_size__hover_enabled=\"off\" button_one_text_size__hover_enabled=\"off\" button_two_text_size__hover_enabled=\"off\" button_text_color__hover_enabled=\"off\" button_one_text_color__hover_enabled=\"off\" button_two_text_color__hover_enabled=\"off\" button_border_width__hover_enabled=\"off\" button_one_border_width__hover_enabled=\"off\" button_two_border_width__hover_enabled=\"off\" button_border_color__hover_enabled=\"off\" button_one_border_color__hover_enabled=\"off\" button_two_border_color__hover_enabled=\"off\" button_border_radius__hover_enabled=\"off\" button_one_border_radius__hover_enabled=\"off\" button_two_border_radius__hover_enabled=\"off\" button_letter_spacing__hover_enabled=\"off\" button_one_letter_spacing__hover_enabled=\"off\" button_two_letter_spacing__hover_enabled=\"off\" button_bg_color__hover_enabled=\"off\" button_one_bg_color__hover_enabled=\"off\" button_two_bg_color__hover_enabled=\"off\"][\/et_pb_contact_field][et_pb_contact_field field_id=\"apellido\" field_title=\"Apellido\" field_type=\"email\" _builder_version=\"4.23&#8243; global_colors_info=\"{}\" button_text_size__hover_enabled=\"off\" button_one_text_size__hover_enabled=\"off\" button_two_text_size__hover_enabled=\"off\" button_text_color__hover_enabled=\"off\" button_one_text_color__hover_enabled=\"off\" button_two_text_color__hover_enabled=\"off\" button_border_width__hover_enabled=\"off\" button_one_border_width__hover_enabled=\"off\" button_two_border_width__hover_enabled=\"off\" button_border_color__hover_enabled=\"off\" button_one_border_color__hover_enabled=\"off\" button_two_border_color__hover_enabled=\"off\" button_border_radius__hover_enabled=\"off\" button_one_border_radius__hover_enabled=\"off\" button_two_border_radius__hover_enabled=\"off\" button_letter_spacing__hover_enabled=\"off\" button_one_letter_spacing__hover_enabled=\"off\" button_two_letter_spacing__hover_enabled=\"off\" button_bg_color__hover_enabled=\"off\" button_one_bg_color__hover_enabled=\"off\" button_two_bg_color__hover_enabled=\"off\"][\/et_pb_contact_field][et_pb_contact_field field_id=\"email\" field_title=\"Email\" _builder_version=\"4.23&#8243; global_colors_info=\"{}\" button_text_size__hover_enabled=\"off\" button_one_text_size__hover_enabled=\"off\" button_two_text_size__hover_enabled=\"off\" button_text_color__hover_enabled=\"off\" button_one_text_color__hover_enabled=\"off\" button_two_text_color__hover_enabled=\"off\" button_border_width__hover_enabled=\"off\" button_one_border_width__hover_enabled=\"off\" button_two_border_width__hover_enabled=\"off\" button_border_color__hover_enabled=\"off\" button_one_border_color__hover_enabled=\"off\" button_two_border_color__hover_enabled=\"off\" button_border_radius__hover_enabled=\"off\" button_one_border_radius__hover_enabled=\"off\" button_two_border_radius__hover_enabled=\"off\" button_letter_spacing__hover_enabled=\"off\" button_one_letter_spacing__hover_enabled=\"off\" button_two_letter_spacing__hover_enabled=\"off\" button_bg_color__hover_enabled=\"off\" button_one_bg_color__hover_enabled=\"off\" button_two_bg_color__hover_enabled=\"off\"][\/et_pb_contact_field][et_pb_contact_field field_id=\"telefono\" field_title=\"Tel\u00e9fono\" _builder_version=\"4.23&#8243; _module_preset=\"default\" global_colors_info=\"{}\"][\/et_pb_contact_field][et_pb_contact_field field_id=\"empresa\" field_title=\"Nombre de la empresa\" _builder_version=\"4.23&#8243; _module_preset=\"default\" global_colors_info=\"{}\"][\/et_pb_contact_field][et_pb_contact_field field_id=\"negocio\" field_title=\"Tipo de negocio\" field_type=\"select\" select_options=\"%91{%22value%22:%22Peque\u00f1a Empresa%22,%22checked%22:0,%22dragID%22:-1},{%22dragID%22:0,%22value%22:%22Mediana Empresa%22,%22checked%22:0},{%22dragID%22:1,%22value%22:%22Industrial%22,%22checked%22:0}%93&#8243; _builder_version=\"4.23&#8243; _module_preset=\"default\" global_colors_info=\"{}\"][\/et_pb_contact_field][\/et_pb_contact_form][\/et_pb_column][\/et_pb_row][\/et_pb_section]<\/p>\n","protected":false},"excerpt":{"rendered":"<p><div class=\"et_pb_module dipl_floating_image dipl_floating_image_0\">\n\t\t\t\t\n\t\t\t\t\n\t\t\t\t\n\t\t\t\t\n\t\t\t\t\n\t\t\t\t\n\t\t\t\t<div class=\"et_pb_module_inner\">\n\t\t\t\t\t<div class=\"dipl_floating_images_wrapper\"><\/div>\n\t\t\t\t<\/div>\n\t\t\t<\/div>Suscripciones<div class=\"et_pb_module dipl_separator dipl_separator_0\">\n\t\t\t\t\n\t\t\t\t\n\t\t\t\t\n\t\t\t\t\n\t\t\t\t\n\t\t\t\t\n\t\t\t\t<div class=\"et_pb_module_inner\">\n\t\t\t\t\t<div class=\"dipl_separator_container align_none\">\n\t\t\t\t\t\t\t\t\t<div class=\"dipl_line dipl_line_before\"><\/div>\n\t\t\t\t\t\t\t\t\t\t\n\t\t\t\t\t\t\t\t\t\t\n\t\t\t\t\t\t\t\t\t\t\n\t\t\t\t\t\t\t\t\t<div class=\"dipl_line dipl_line_after\"><\/div>\n\t\t\t\t\t\t\t\t<\/div>\n\t\t\t\t<\/div>\n\t\t\t<\/div>A trav\u00e9s del servicio de suscripciones, tendr\u00e1s acceso a contenido digital exclusivo para empresarios y emprendedores, adem\u00e1s de algunos de los [&hellip;]<\/p>\n","protected":false},"author":1,"featured_media":0,"parent":0,"menu_order":0,"comment_status":"closed","ping_status":"closed","template":"","meta":{"_et_pb_use_builder":"on","_et_pb_old_content":"<!-- wp:divi\/placeholder \/-->","_et_gb_content_width":"","loftloader_page_shortcode":"","footnotes":""},"class_list":["post-511","page","type-page","status-publish","hentry"],"_links":{"self":[{"href":"https:\/\/copardom.org\/index.php\/wp-json\/wp\/v2\/pages\/511","targetHints":{"allow":["GET"]}}],"collection":[{"href":"https:\/\/copardom.org\/index.php\/wp-json\/wp\/v2\/pages"}],"about":[{"href":"https:\/\/copardom.org\/index.php\/wp-json\/wp\/v2\/types\/page"}],"author":[{"embeddable":true,"href":"https:\/\/copardom.org\/index.php\/wp-json\/wp\/v2\/users\/1"}],"replies":[{"embeddable":true,"href":"https:\/\/copardom.org\/index.php\/wp-json\/wp\/v2\/comments?post=511"}],"version-history":[{"count":30,"href":"https:\/\/copardom.org\/index.php\/wp-json\/wp\/v2\/pages\/511\/revisions"}],"predecessor-version":[{"id":818,"href":"https:\/\/copardom.org\/index.php\/wp-json\/wp\/v2\/pages\/511\/revisions\/818"}],"wp:attachment":[{"href":"https:\/\/copardom.org\/index.php\/wp-json\/wp\/v2\/media?parent=511"}],"curies":[{"name":"wp","href":"https:\/\/api.w.org\/{rel}","templated":true}]}}